- (-7 - 4). Let s = 23 - c. Let h = -38 - -137. Calculate the greatest common factor of h and s.
9
Let y be 29 - 0*1/1. Suppose -4*k - 9 = -y. Suppose -k*r = -2*r - 36. Calculate the highest common factor of 4 and r.
4
Let l be 23/5 - 2/(-5). Let n = -1 - -36. What is the highest common factor of n and l?
5
Let h = 89 + -41. Calculate the greatest common divisor of h and 528.
48
Let p(m) = -m**2 + 1. Let f be p(-2). Let d be (4/(-6))/1*f. Let u(t) = 2*t**3 - 5*t**2 + 3*t. Let n be u(3). What is the greatest common divisor of d and n?
2
Let u = -48 + 57. Calculate the highest common divisor of 12 and u.
3
Let y(s) = 9*s**2 + 2*s + 1. Let f be y(-1). Suppose -5*l - 3*w - 17 - 22 = 0, 3*l + w = -21. Let k = l + 7. What is the greatest common divisor of f and k?
1
Suppose -64 - 4 = -3*u - 4*d, -2*u = 5*d - 50. Let t = 0 - -3. Let m = u - t. Calculate the greatest common divisor of 85 and m.
17
Let h be (14 - 2) + 1*2. Let w(j) = -j**3 - 2*j**2 + 6*j - 3. Let c be w(-5). Calculate the highest common factor of c and h.
14
Let y(t) = t**2 + 7*t + 8. Let p be y(-6). Suppose p*j - 10 = -0. Suppose 5*d + j = 5*a, 11 = 5*a - 3*d - 4. What is the highest common factor of 66 and a?
6
Let k = -198 - -328. Suppose 4*t + 5*u = -t + k, -5*u + 74 = 3*t. Let d be 4/8*(0 - -28). Calculate the highest common divisor of d and t.
14
Let p = -19 + 25. What is the highest common factor of 18 and p?
6
Suppose 7 = 3*u - 5. Let d(w) = -1 + u + 3 + w**3 + 8*w**2 - 9*w. Let a be d(-9). Calculate the greatest common divisor of 4 and a.
2
Suppose -4*a + 34 + 22 = 0. Suppose -3*v - 17 = -143. Calculate the greatest common divisor of a and v.
14
Let b(g) = 4*g**3 - 7*g + 5. Let z be b(2). What is the highest common divisor of z and 161?
23
Let f(h) = h**2 - 6*h + 6. Let n be f(6). Let b = -1 + n. Calculate the highest common factor of 45 and b.
5
Let d = -249 - -444. What is the highest common factor of 78 and d?
39
Let v(x) = 34*x**2 - x - 2. Let o be v(2). Suppose 2*z = -z + o. What is the greatest common divisor of 4 and z?
4
Let u be (-115)/(-20) - (-1)/4. What is the greatest common factor of 30 and u?
6
Let a be 5/((5 + -1)/88). Calculate the highest common factor of 10 and a.
10
Let n(t) = -30*t + 1. Let h be n(-1). What is the highest common divisor of 310 and h?
31
Let a be 5*(1 - 0)*1. Calculate the highest common factor of a and 40.
5
Suppose -8 = -c + 4. What is the highest common factor of 108 and c?
12
Suppose -16 = -n + 2*n + 3*u, 4*n - 1 = u. Let a be ((-35)/10)/(n/2). Calculate the highest common factor of 35 and a.
7
Suppose -3*j + 0*l - l - 10 = 0, 4*j - l + 11 = 0. Let v be (-1)/j + (-24)/(-9). What is the highest common divisor of 3 and v?
3
Let h be -1 + -1 + (-44)/(-2). Suppose 4*g + 9 = 33. Let m be (-4 + 0)/(-7 + g). What is the greatest common divisor of h and m?
4
Let q(o) = -18*o + 1. Let k be q(-3). Let f = k - 36. Calculate the highest common factor of f and 38.
19
Let y = 15 - 9. Let h be 24/(-2) + 0/2. Let t be (-3)/h - (-71)/4. What is the greatest common divisor of y and t?
6
Let l(z) = -z**2 - 10*z + 35. Let p be l(-11). What is the greatest common factor of p and 240?
24
Let c be 4/(-6)*33/(-2). Let x be 1 - -2 - (-49 + (-9)/3). What is the greatest common factor of x and c?
11
Suppose 6*x - 28 - 62 = 0. What is the highest common factor of x and 105?
15
Suppose -b + 0*b + 12 = 0. Let r be ((-268)/b + 1)*-3. Calculate the greatest common divisor of 8 and r.
8
Let i(p) = 16*p**2 + 1. Let k be i(2). Suppose k = 4*u + u. What is the greatest common divisor of 39 and u?
13
Let f be 6 + (3 - (0 - -2)). Let l(p) = 24*p + 7. Let w be l(f). Let j = w + -103. What is the highest common divisor of 9 and j?
9
Let s(p) be the first derivative of -2*p**2 - p + 1. Let h be s(-2). Calculate the greatest common factor of h and 63.
7
Suppose 0 = -3*f - 6, 3*f = 3*t - f - 977. Suppose -5*j = 48 - t. Calculate the highest common divisor of j and 5.
5
Let x be (8/(-5))/((-4)/190). Let r(h) = -h. Let v be r(-4). Suppose 7*d = -v*w + 3*d + x, -5*w + 87 = d. Calculate the highest common divisor of 136 and w.
17
Let z(k) = 3*k**3 - 3*k**2 + 3*k - 3. Let a be z(2). Suppose -4*l - a = -5*l. Calculate the greatest common factor of l and 135.
15
Suppose 0 = 3*l - 15, 5*g - 2*g = 2*l + 50. Let y = -5 - -13. What is the greatest common factor of y and g?
4
Let z be ((-2)/(-4))/((-1)/(-62)). Let y be (-1 - (1 - -1)) + z. What is the highest common divisor of 14 and y?
14
Suppose -3*r + 5 = 4*t, -4*r - 2*t + 1 = -9. Suppose 61 = r*q - 74. What is the greatest common divisor of q and 5?
5
Suppose -5*b + 41 = -24. Calculate the greatest common factor of b and 26.
13
Let g = 13 + -2. Calculate the greatest common divisor of 11 and g.
11
Suppose 0 = 3*u - 259 - 191. Calculate the greatest common divisor of 30 and u.
30
Suppose x + 5*u - 31 = 0, -2*x + 34 = -x + 2*u. Let a(f) = -f**3 - 12*f**2 - 27*f - 46. Let j be a(-10). What is the greatest common factor of x and j?
12
Let t(o) = 6*o - 5. Let q be (-18)/(-15) + (-16)/(-20). Let g be t(q). Calculate the greatest common divisor of g and 56.
7
Let l be (-168)/(2/4 - -1). Let k(p) = 21*p**3 + 3*p**2 - 2*p - 1. Let u be k(2). Let n = l + u. What is the highest common divisor of n and 7?
7
Let z(u) = u + 1. Let l be z(4). Suppose 5*c - l*v - 180 = 2*c, -5*c - v + 300 = 0. Suppose 3*d - 6*d = -45. Calculate the greatest common factor of c and d.
15
Let m = 10 - -17. What is the highest common divisor of m and 135?
27
Let p(f) = -14*f**2 + f + 1. Let q be p(-1). Let v be 1740/35 + (-4)/q. What is the highest common factor of 20 and v?
10
Let p = 8 - 6. Let f(i) = -4*i - 3 + i + 5 + 4*i. Let t be f(p). What is the highest common divisor of t and 28?
4
Suppose -2*z = z - 45. Let x(p) be the third derivative of -p**4/12 - 5*p**3/6 - 3*p**2. Let k be x(-4). Calculate the greatest common factor of k and z.
3
Let m(h) = -1 + h + 3*h**2 - h**3 - 1 + 3*h. Let y be m(4). Let o be (y/(-1))/(4/16). What is the greatest common factor of o and 24?
8
Suppose 5*b = 7 + 18. Suppose -3*y + 67 = b*d, 2*d + 91 = 4*y + 7*d. What is the greatest common factor of y and 6?
6
Suppose -r = -2*r + 4*p + 10, -5*r - p = -8. Let o be (r - (7 + -1))*-8. What is the greatest common factor of 4 and o?
4
Suppose 0 = -5*n + 3*t + 55, 2*t + 7 = -n - t. Let h = -5 + n. Suppose j - 69 = -p + 4, 0 = h*p + 4*j - 217. Calculate the highest common divisor of 15 and p.
15
Let g = -51 + 61. What is the greatest common factor of g and 40?
10
Let p = -9 + 10. Calculate the highest common divisor of 1 and p.
1
Let o = 2 + 5. Let r be (7 - o) + 3 + 0. Let y(t) = t**3 - 2*t**2 + 4*t. Let w be y(3). What is the highest common divisor of w and r?
3
Let l(r) = r**2 + 2*r - 3. Let s be l(6). Suppose 0 = -q + s + 20. Suppose -3*o = -q + 11. Calculate the highest common divisor of 72 and o.
18
Suppose -5*z + 5 = -4*z. Let q be -1 - 0 - (-7 - -6). Suppose -3*p + 2*p + 15 = q. Calculate the greatest common divisor of p and z.
5
Let d = 7 + 11. Let m(j) = -2*j**3 - 8*j**2 + j + 6. Suppose -10 = 4*p + 14. Let c be m(p). What is the greatest common factor of d and c?
18
Suppose 5*z = 3*k - 48, -61 = -3*k + 4*z - 13. Suppose 2*y - 224 = -64. Calculate the greatest common divisor of k and y.
16
Let k(x) = -4 + 13*x + 16*x + 3. Let m = -2 - -3. Let l be k(m). Calculate the highest common divisor of 42 and l.
14
Suppose 14 = 4*l - 10. Let y = l - -4. What is the highest common divisor of 40 and y?
10
Suppose -6 + 2 = u. Let q(o) = -o - 1. Let p be q(u). What is the highest common divisor of p and 3?
3
Let y = 17 - -3. Calculate the greatest common factor of 4 and y.
4
Let m = -106 - -249. Suppose -10*h + 149 = 19. Calculate the greatest common divisor of h and m.
13
Suppose 7*a - 3*a = 20. Suppose o - 4*x - 73 = 0, 2*o + x + 230 = a*o. Calculate the highest common factor of o and 11.
11
Let r(j) = 5*j. Let p be r(2). What is the highest common factor of 20 and p?
10
Let v(p) = -p**3 + 3*p**2 + 1. Let o be v(3). Suppose -13 = r - 5*r - 5*l, -l + o = 0. Suppose 4*a - 14 = r*a. Calculate the highest common factor of 14 and a.
7
Suppose 46*v = 44*v + 62. What is the highest common factor of 341 and v?
31
Let y(t) = -3*t**3 - 9*t**2 - 3*t - 6. Let r be y(-3). What is the highest common divisor 